at is l(4)?
-16
Let j(p) = -486652*p - 1946607. What is j(-4)?
1
Let k(w) = 79*w**3 - 317*w**2 - 11*w + 70. Give k(4).
10
Let d(z) = 3021*z + 11680. Give d(-5).
-3425
Let l(s) = -s**3 + 16*s**2 + 46*s - 319. Determine l(18).
-139
Let u(g) = 1492*g - 31514. Determine u(21).
-182
Let c(m) = 3127*m - 43826. Give c(14).
-48
Let h(i) = 159*i**2 + 3357*i + 370. Give h(-21).
-8
Let p(x) = 15829*x + 364060. Calculate p(-23).
-7
Let o(t) = -2*t**2 + 108*t - 503. What is o(49)?
-13
Let h(n) = -173*n**2 - 46009*n + 2355. What is h(-266)?
-39
Let u(f) = -1258*f + 95666. Give u(76).
58
Let q(a) = -12*a**2 + 38*a + 260. Give q(-6).
-400
Let l(x) = 5*x**2 - 154*x + 51. Give l(30).
-69
Let d(j) = 8*j**2 - 191*j - 47. Give d(24).
-23
Let y(p) = -46*p**3 + 110*p**2 + p + 62. Give y(3).
-187
Let b(p) = 16*p**2 + 3635*p + 50931. Give b(-15).
6
Let p(v) = 38*v**2 - 59*v - 12. What is p(5)?
643
Let p(y) = -305*y**2 + 2325*y + 886. Give p(8).
-34
Let y(o) = -o**3 - 9*o**2 + 184*o - 165. Calculate y(-19).
-51
Let g(h) = -582*h - 5663. Give g(-8).
-1007
Let k(a) = -2*a**3 + 4*a**2 - 55*a - 497. What is k(-7)?
770
Let f(k) = k**3 - 26*k**2 + 67*k + 11. What is f(23)?
-35
Let b(u) = -1662*u**2 - 216*u + 217. Determine b(1).
-1661
Let i(v) = -v**3 - 3*v**2 + 1334*v + 5. Determine i(-38).
-147
Let x(n) = 11673*n - 198355. What is x(17)?
86
Let l(j) = 10*j**2 + 831*j + 2510. Determine l(-3).
107
Let w(o) = -18*o**3 + 46*o**2 + 126*o - 93. Give w(4).
-5
Let i(y) = 1058*y + 30728. Calculate i(-29).
46
Let q(n) = 4*n**3 + 253*n**2 - 1973*n + 76. What is q(7)?
34
Let s(g) = -13662*g - 177829. Calculate s(-13).
-223
Let l(v) = 54705*v + 492476. Calculate l(-9).
131
Let m(d) = -161*d + 12950. Give m(79).
231
Let u(o) = 694*o**2 + 162402*o + 1410. Calculate u(-234).
6
Let p(o) = -3*o**2 + 175*o + 31354. Determine p(-77).
92
Let j(s) = 2*s**2 - 45*s + 162. What is j(18)?
0
Let a(z) = -27*z**2 - 4873*z + 160933. Determine a(-209).
3
Let y(w) = -430*w - 6985. Give y(-16).
-105
Let s(k) = 126*k**2 + 45989*k - 353. Determine s(-365).
12
Let b(v) = -7*v**3 + 63*v**2 + 10*v + 45. Give b(9).
135
Let i(p) = 17*p**3 - 612*p**2 + 64*p - 2161. Calculate i(36).
143
Let y(k) = 7126*k + 912147. What is y(-128)?
19
Let d(y) = y**3 + 22*y**2 - 2271*y - 241. Determine d(38).
101
Let g(q) = -q**3 + 7*q**2 - 102*q + 272. What is g(5)?
-188
Let h(l) = 34*l**2 + 7204*l + 20480. Give h(-209).
-2
Let k(r) = -r**3 - 434*r**2 + 556*r + 52643. Calculate k(-435).
8
Let t(c) = 521*c - 11658. Give t(23).
325
Let t(g) = 45*g + 127. What is t(0)?
127
Let z(u) = 11353*u + 476850. Give z(-42).
24
Let b(d) = -1259*d - 735254. Give b(-584).
2
Let w(v) = 48*v**2 - 2841*v - 52598. Calculate w(74).
16
Let s(h) = -42037*h + 251849. Calculate s(6).
-373
Let d(s) = -2*s**3 + 984*s**2 + 3*s - 2146. Give d(492).
-670
Let q(i) = 3*i**2 + 120*i - 26415. Determine q(76).
33
Let c(n) = -209*n - 688. Determine c(-4).
148
Let x(p) = -p**2 - 165*p + 5925. Calculate x(30).
75
Let j(k) = 556*k - 86501. Give j(156).
235
Let y(j) = j**2 + 186232*j - 931184. Calculate y(5).
1
Let t(o) = o**3 - 67*o**2 + 135*o - 24090. Determine t(70).
60
Let s(a) = 226*a + 58777. Determine s(-260).
17
Let f(g) = 45*g**2 + 1944*g - 147. Calculate f(-41).
-4206
Let s(z) = 8*z**2 - 3*z - 213. Calculate s(9).
408
Let c(b) = 5684*b + 28492. Calculate c(-5).
72
Let u(k) = 7013*k + 56208. Calculate u(-8).
104
Let p(n) = 12851*n + 6952392. What is p(-541)?
1
Let y(b) = -b**2 + 457*b - 4908. Determine y(11).
-2
Let h(k) = -6675*k + 621. What is h(0)?
621
Let q(f) = 202*f**2 + 1804*f - 159. Determine q(-9).
-33
Let j(k) = 354*k**2 - 8018*k + 5071. Give j(22).
11
Let d(w) = -10870*w - 65199. Determine d(-6).
21
Let w(t) = -108*t - 5295. What is w(-52)?
321
Let s(q) = 14*q**3 - 318*q**2 - 170*q + 1794. Calculate s(23).
0
Let a(s) = s**3 - 78*s**2 + 639*s - 241. Determine a(9).
-79
Let u(y) = -68*y**2 + 6192*y - 360. Calculate u(91).
4
Let n(v) = 1511*v - 3462. Give n(3).
1071
Let p(b) = 207*b**2 - 2451*b - 53. Calculate p(13).
3067
Let o(x) = -130*x**2 - 2224*x - 176. Give o(-17).
62
Let g(o) = -81*o - 1651. Give g(-6).
-1165
Let i(a) = 6*a**2 + 710*a + 10846. What is i(-98)?
-1110
Let m(l) = l**3 - 30*l**2 + 142*l - 2326. Give m(28).
82
Let u(o) = 156*o**3 + 2*o**2 + 402*o - 404. Calculate u(1).
156
Let l(j) = 60*j**2 - 453*j + 145. Calculate l(-4).
2917
Let q(v) = -1096*v + 234557. Give q(214).
13
Let f(h) = -2*h**2 - 127*h + 815. What is f(-62)?
1001
Let q(y) = 605*y + 61082. Give q(-101).
-23
Let g(f) = f**3 - 378*f**2 + 1075*f + 18765. Determine g(375).
15
Let z(n) = -n**3 + 152*n**2 + 7909*n - 84. Give z(-41).
80
Let t(z) = -1846*z - 17613. Calculate t(-9).
-999
Let o(i) = 1292*i - 82674. Calculate o(64).
14
Let p(j) = 291*j + 3486. What is p(-4)?
2322
Let y(q) = -456*q + 2381. Calculate y(0).
2381
Let q(u) = u**3 + u**2 - 4678*u - 9360. What is q(-2)?
-8
Let b(r) = 6*r**3 + 526*r**2 - 176*r + 34. Give b(-88).
34
Let t(x) = -2*x**3 - 1787*x**2 - 18531*x + 10603. Determine t(-883).
7
Let w(g) = -139*g + 7969. What is w(58)?
-93
Let f(r) = -r**3 - 645*r**2 - 2133*r - 132889. What is f(-642)?
5
Let f(p) = -2*p**3 + 16*p**2 - 55440*p + 499111. Calculate f(9).
-11
Let h(n) = 725*n - 1381. Calculate h(2).
69
Let t(j) = 14*j**2 - 10*j + 3. Calculate t(2).
39
Let k(v) = 3767*v - 82873. What is k(22)?
1
Let o(i) = -26*i**3 + 416*i**2 - 51*i + 910. What is o(16)?
94
Let o(q) = 50*q**3 + 4*q**2 - 703*q - 2083. Calculate o(-3).
-1288
Let t(q) = 4*q**2 - 236*q - 130. Give t(58).
-362
Let d(a) = 20*a**2 + 169*a + 519. Give d(-3).
192
Let c(g) = g**3 + 102*g**2 + 1576*g - 65. Determine c(-19).
-46
Let a(l) = -32851*l + 328485. What is a(10)?
-25
Let s(g) = -3*g**3 - 17*g**2 + 30*g + 118. What is s(-4)?
-82
Let w(g) = 9*g**2 + 127*g - 807. What is w(-19)?
29
Let r(g) = 54*g**3 - 2*g**2 - 81*g - 150. Determine r(-2).
-428
Let i(x) = -19370*x + 213083. Determine i(11).
13
Let g(y) = -469*y - 57992. Determine g(-129).
2509
Let s(r) = r**3 + 78*r**2 - 41*r - 3160. Give s(-78).
38
Let b(q) = -7728*q + 23210. What is b(3)?
26
Let a(d) = 1483*d - 61113. Give a(41).
-310
Let x(u) = -3*u**3 + 159*u**2 - 17*u + 392. Calculate x(53).
-509
Let z(h) = 40*h**2 - 5*h + 15. Determine z(2).
165
Let n(a) = -a**3 + 37*a**2 - 258*a - 38. Calculate n(15).
1042
Let y(g) = -13*g**2 + 19250*g + 370437. Give y(-19).
-6
Let h(i) = -i**3 - 16*i**2 - 94*i - 1511. Determine h(-16).
-7
Let g(z) = -20*z + 1321. Determine g(62).
81
Let d(i) = -3*i**3 + 503*i**2 - 829*i + 221. Calculate d(166).
387
Let h(t) = -59031*t - 295159. What is h(-5)?
-4
Let g(k) = 2382*k - 1462. Give g(2).
3302
Let o(v) = -2*v**3 + 83*v**2 + 536*v - 23664. Calculate o(41).
-7
Let u(p) = -63813*p - 574365. Give u(-9).
-48
Let f(x) = -978*x + 388279. Give f(397).
13
Let m(p) = -1158*p - 10276. What is m(-9)?
146
Let b(k) = k**2 - 406*k - 44963. What is b(-91)?
264
Let s(b) = 31*b + 37. What is s(7)?
254
Let a(v) = 34*v**2 + 261*v - 1215. Determine a(-11).
28
Let v(s) = -s**2 - 582*s - 81928. Give v(-343).
49
Let p(l) = -3*l**3 - 49*l**2 - 752*l - 11623. Calculate p(-16).
153
Let x(b) = -b**3 - 658*b**2 + 31634*b + 82. Determine x(45).
37
Let l(i) = 940*i + 22459. Calculate l(-24).
-101
Let l(w) = 2*w**2 - 89*w - 9579. Calculate l(-51).
162
Let c(y) = -880*y + 163664. Determine c(186).
-16
Let x(u) = -290*u**2 - 6929*u + 695. Give x(-24).
-49
Let i(l) = -412*l**2 + 260*l - 256. What is i(1)?
-408
Let v(s) = -3052*s - 97729. What is v(-32)?
-65
Let m(x) = x**2 - 117*x - 99309. Give m(-262).
-11
Let u(j) = -56*j**3 - 668*j**2 + 531*j + 5795. Calculate u(-12).
-1
Let d(z) = -4*z**2 - 327*z - 7492. Give d(-52).
-1304
Let v(w) = -52699*w - 368907. What is v(-7)?
-14
Let s(i) = -i**3 + 14*i**2 - 879*i + 10282. Determine s(12).
22
Let q(j) = j**3 - 307*j**2 - 122012*j + 17129. Calculate q(535).
9
Let u(f) = f**3 + 30*f**2 - 1874*f + 837. Determine u(-61).
-200
Let o(i) = -i**3 + 1521*i**2 + 19947*i + 72. Give o(-13).
7
Let u(a) = a**3 + 43*a**2 + 924*a + 8850. Determine u(-19).
-42
Let h(a) = 975831*a + 16589135. Determine h(-17).
8
Let f(n) = -411*n + 35139. Give f(85).
204
Let v(h) = -5*h**2 - 1611*h + 32417. Calculate v(19).
3
Let o(d) = 99*d**2 + 32468*d - 1311. Give o(-328).
1
Let y(o) = 1698*o - 67883. Calculate y(40).
37
Let i(